{"id":16,"date":"2023-06-03T19:21:09","date_gmt":"2023-06-03T17:21:09","guid":{"rendered":"https:\/\/infocordoba.com\/?page_id=16"},"modified":"2023-06-10T19:19:17","modified_gmt":"2023-06-10T17:19:17","slug":"cordoba-spain-practical-information","status":"publish","type":"page","link":"https:\/\/infocordoba.com\/?page_id=16","title":{"rendered":"Cordoba, Spain Practical Information"},"content":{"rendered":"\n<p><strong>Cordoba Monument Opening Times<\/strong><\/p>\n\n\n\n<figure class=\"wp-block-table\"><table><tbody><tr><td><\/td><td><\/td><\/tr><\/tbody><\/table><\/figure>\n\n\n\n<figure class=\"wp-block-table\"><table><tbody><tr><td><strong>Monuments<\/strong><strong><\/strong><\/td><td><strong>Monday to Saturday<\/strong><strong><\/strong><\/td><td><strong>Sundays and holidays<\/strong><strong><\/strong><\/td><td><strong>Price<\/strong><strong><\/strong><\/td><\/tr><tr><td><a href=\"https:\/\/infocordoba.com\/spain\/andalusia\/cordoba\/cordoba_mosque.htm\"><strong>Mezquita<\/strong><\/a> <strong>(Mosque-Cathedral)<\/strong> &nbsp;<\/td><td>08:30-10:00 Gratis\/free<br><strong>Octubre\/October<\/strong>&nbsp;10:00 &#8211; 19:00<br><strong>Noviembre\/November<\/strong>&nbsp;10:00- 18:00<br><strong>Diciembre\/December<\/strong>&nbsp;10:00- 17:30<\/td><td>Misa\/Mass 10:30-12:00-<br>13:00<br>08:30\u201310:15 14:00\u201319:00<br><strong>Noviembre\/November<\/strong><br>08:30\u201310:15 14:00\u201318:00<br><strong>Diciembre\/December<\/strong><br>08:30\u201310:15 14:00-17:30<\/td><td>Adutos\/adults 8 \u20ac<br>Ni\u00f1os\/children 4 \u20ac<\/td><\/tr><tr><td><strong>Synagogue<\/strong> &nbsp;<\/td><td>Lunes cerrado\/Monday closed<br>09:30 \u2013 14:00 15:30 \u2013 17:30<\/td><td>09:30 \u2013 13:30<\/td><td>Gratis UE\/ EU free Resto\/others 0.30 \u20ac<\/td><\/tr><tr><td><a href=\"https:\/\/infocordoba.com\/spain\/andalusia\/cordoba\/cordoba_alcazar.htm\"><strong>Alc\u00e1zar de los Reyes&nbsp;<\/strong><\/a><a href=\"https:\/\/infocordoba.com\/spain\/andalusia\/cordoba\/cordoba_alcazar.htm\"><strong>Cristianos<\/strong><\/a> &nbsp;<\/td><td>Lunes cerrado\/Monday closed<br><strong>16 \/ 09 \u2013 15 \/ 10<\/strong><br>10:00\u201314:00 17:30 \u2013 19:30<br><strong>16 \/ 10 \u2013 30 \/ 04<\/strong><br>10:00 \u2013 14:00 16:30 \u2013 18:30<\/td><td>09:30 &#8211; 14:30<\/td><td>Viernes gratuito\/Friday<br>free<br>Adultos\/adults 4\u20ac<br>Estudiantes\/students 2\u20ac<\/td><\/tr><tr><td><a href=\"https:\/\/infocordoba.com\/spain\/andalusia\/cordoba\/medina_azahara.htm\"><strong>Madinat Al -Zahra<\/strong><\/a> (Medina Azahara)<\/td><td>Lunes cerrado\/Monday closed<br>10:00 \u2013 18:30<\/td><td>10:00 &#8211; 14:00<\/td><td>Gratis UE\/ EU free<br>Resto\/others 1.50 \u20ac<br>Daily bus 11.00 except.Monday<\/td><\/tr><tr><td><strong>Museo Julio Romero&nbsp;de Torres<\/strong> &nbsp;<\/td><td>Lunes cerrado\/Monday closed<br><strong>16 \/ 09 \u2013 15 \/ 10<\/strong><br>10:00\u201314:00 17:30 \u2013 19:30<br><strong>16 \/ 10 \u2013 30 \/ 04<\/strong><br>10:00 \u2013 14:00 16:30 \u2013 18:30<\/td><td>09:30 &#8211; 14:30<\/td><td>Viernes gratuito\/Friday free<br>Adultos\/adults 3.00 \u20ac<br>Estudiantes\/students 1.50 \u20ac<\/td><\/tr><tr><td><strong>Fine Arts Museum (Museo Bellas Artes)<\/strong> &nbsp;<\/td><td>Lunes cerrado\/Monday closed Martes\/Tuesday 14:30 &#8211; 20:30 Miercoles a Sabado\/ Wesnesday to Saturday 09:00 &#8211; 20:30<\/td><td>09:00 &#8211; 14:30<\/td><td>Gratis UE\/ EU free Resto\/others 1.50 \u20ac<\/td><\/tr><tr><td><strong>Museo Arqueol\u00f3gico<\/strong> &nbsp;<\/td><td>Lunes cerrado\/Monday closed Martes\/Tuesday 14:30 &#8211; 20:30 Miercoles a Sabado\/ Wesnesday to Saturday 09:00 &#8211; 20:30<\/td><td>09:00 &#8211; 14:30<\/td><td>Gratis UE\/ EU free Resto\/others 1.50 \u20ac<\/td><\/tr><tr><td><strong>Palacio de Viana<\/strong> &nbsp;<\/td><td><strong>Oct \u2013 Apr<\/strong><br>10:00 \u2013 13:00<br>16:00 \u2013 18:00<\/td><td>Cerrado \/ Closed<\/td><td>Visita completa\/full visit 6 \u20ac S\u00f3lo Patios\/only Patios 3 \u20ac<\/td><\/tr><tr><td colspan=\"4\">Note: Infocordoba is not responsible for changes or inaccuracies in monument schedules. For updates and information on further monument opening times, see &#8220;Horarios de monumentos y museos&#8221; at&nbsp;<a href=\"http:\/\/www.ayuncordoba.es\/portal\/web\/listaPDF_b.jsp?id=1131\">http:\/\/www.ayuncordoba.es\/portal\/web\/listaPDF_b.jsp?id=1131<\/a><\/td><\/tr><\/tbody><\/table><\/figure>\n\n\n\n<p><a href=\"https:\/\/infocordoba.com\/cordoba_information.htm#top\">top<\/a><\/p>\n\n\n\n<p><a><\/a><strong>Cordoba Bus Lines<\/strong><\/p>\n\n\n\n<p><strong><a href=\"http:\/\/www.alsinagraells.com\/cgi-bin\/agsur\/media.pl?ref=in-00\">ALSINA GRAELLS<\/a><\/strong><strong>&nbsp;Tel. 957 27 81 00 (Web in English)<\/strong><\/p>\n\n\n\n<p>Destinations:&nbsp;Alcal\u00e1 la Real, Alcaudete, Algeciras, Almedinilla, Almeria,&nbsp;<strong>Almu\u00f1ecar<\/strong>, Antequera, Benamej\u00ed, C\u00e1diz, C\u00fallar, Ecija, El Tejar, Encinas Reales, Estepona, Fuengirola,&nbsp;<strong>Granada<\/strong>, Guadiaro,&nbsp;<strong>Jerez<\/strong>, La Herradura, Lorca,&nbsp;<strong>M\u00e1laga<\/strong>, Marbella, Marchena, Maro, Motril,&nbsp;<strong>Nerja<\/strong>, Sabinilla,&nbsp;<strong>Salobre\u00f1a<\/strong>, San Pedro, San Roque,&nbsp;<strong>Sevilla<\/strong>, Torre del Mar, Torremolinos, Torrox.<\/p>\n\n\n\n<p><strong>LOPEZ Y LITESUR: Tel. 957 76 70 77<\/strong><\/p>\n\n\n\n<p>Destinations:&nbsp;Almendralejo, Azuaya, Badajoz, Cabeza del Buey,&nbsp;<strong>C\u00e1ceres<\/strong>, Castuera, Llerena,&nbsp;<strong>M\u00e9rida<\/strong>, Villanueva de la Serena<\/p>\n\n\n\n<p><strong>BACOMA: Tel. 957 27 98 60<\/strong><\/p>\n\n\n\n<p>Destinations:&nbsp;Alcaraz,&nbsp;<strong>Alicante<\/strong>, Almansa, Altea,&nbsp;<strong>Baeza<\/strong>, Bail\u00e9n,&nbsp;<strong>Barcelona<\/strong>, Beas de Segura, Benidorm, Calpe, Castell\u00f3n, Denia, Elda, J\u00e1tiva, Linares, P. Genave, Tarragona,&nbsp;<strong>\u00dabeda<\/strong>,&nbsp;<strong>Valencia<\/strong>, Villacarrillo, Villafranca del Pened\u00e9s, Villajoyosa, Villanueva del Arzobispo, Villena.<\/p>\n\n\n\n<p><a href=\"http:\/\/www.socibus.es\/index.html\"><strong>SECORBUS<\/strong><\/a><strong>&nbsp;(Web in Spanish only) Tel. 902 229 292<\/strong><\/p>\n\n\n\n<p>Destinations:<strong>&nbsp;Madrid&nbsp;<\/strong>(\u20ac13.50, 6 buses a day, 4 on Saturday).<\/p>\n\n\n\n<p><a href=\"https:\/\/infocordoba.com\/cordoba_information.htm#top\">top<\/a><\/p>\n\n\n\n<p><a><\/a><strong>Cordoba Train Schedules:<\/strong><\/p>\n\n\n\n<p><a href=\"http:\/\/horarios.renfe.es\/hir\/ingles.html\">RENFE Train Schedules<\/a><\/p>\n\n\n\n<p><a href=\"https:\/\/infocordoba.com\/cordoba_information.htm#top\">top<\/a><\/p>\n\n\n\n<p><a><\/a><strong>Telephone Numbers (country code +34)<\/strong><\/p>\n\n\n\n<ul>\n<li>Cordoba Tourist Information (C\/Torrijos, 10): 957 47 12 35<\/li>\n\n\n\n<li>Cordoba Tourist Information (Potro Square): 902 20 17 74<\/li>\n\n\n\n<li>Cordoba Tourist Information (Train station): 902 20 17 74<\/li>\n\n\n\n<li>Cordoba Tourist Information (Tendillas Square): 902 20 17 74<\/li>\n\n\n\n<li>Cordoba Taxis (Radio Taxi) 957 76 44 44<\/li>\n\n\n\n<li>Cordoba City Hall 957 49 99 00<\/li>\n\n\n\n<li>RENFE train company 902 240 202<\/li>\n\n\n\n<li>Cordoba Bus Station 957 40 40 40<\/li>\n\n\n\n<li>Cordoba Airport (small charter flights) 957 214 100<\/li>\n\n\n\n<li>Plaza de Toros de Cordoba 957 232 507<\/li>\n\n\n\n<li>Emergencies\/National Police 091<\/li>\n\n\n\n<li>Guardia Civil Police (Rural, highways) 062<\/li>\n\n\n\n<li>Cordoba Police 092<\/li>\n\n\n\n<li><strong>Medical Emergency Hotline \/ Ambulance 061<\/strong><\/li>\n<\/ul>\n","protected":false},"excerpt":{"rendered":"<p>Cordoba Monument Opening Times Monuments Monday to Saturday Sundays and holidays Price Mezquita (Mosque-Cathedral) &nbsp; 08:30-10:00 Gratis\/freeOctubre\/October&nbsp;10:00 &#8211; 19:00Noviembre\/November&nbsp;10:00- 18:00Diciembre\/December&nbsp;10:00- 17:30 Misa\/Mass 10:30-12:00-13:0008:30\u201310:15 14:00\u201319:00Noviembre\/November08:30\u201310:15 14:00\u201318:00Diciembre\/December08:30\u201310:15 14:00-17:30 Adutos\/adults 8 \u20acNi\u00f1os\/children 4 \u20ac Synagogue &nbsp; Lunes cerrado\/Monday closed09:30 \u2013 14:00 15:30 \u2013 17:30 09:30 \u2013 13:30 Gratis UE\/ EU free Resto\/others 0.30 \u20ac Alc\u00e1zar de los Reyes&nbsp;Cristianos &hellip; <a href=\"https:\/\/infocordoba.com\/?page_id=16\" class=\"more-link\">Continue reading<span class=\"screen-reader-text\"> &#8220;Cordoba, Spain Practical Information&#8221;<\/span><\/a><\/p>\n","protected":false},"author":1,"featured_media":0,"parent":0,"menu_order":0,"comment_status":"closed","ping_status":"closed","template":"","meta":{"footnotes":""},"aioseo_notices":[],"_links":{"self":[{"href":"https:\/\/infocordoba.com\/index.php?rest_route=\/wp\/v2\/pages\/16"}],"collection":[{"href":"https:\/\/infocordoba.com\/index.php?rest_route=\/wp\/v2\/pages"}],"about":[{"href":"https:\/\/infocordoba.com\/index.php?rest_route=\/wp\/v2\/types\/page"}],"author":[{"embeddable":true,"href":"https:\/\/infocordoba.com\/index.php?rest_route=\/wp\/v2\/users\/1"}],"replies":[{"embeddable":true,"href":"https:\/\/infocordoba.com\/index.php?rest_route=%2Fwp%2Fv2%2Fcomments&post=16"}],"version-history":[{"count":1,"href":"https:\/\/infocordoba.com\/index.php?rest_route=\/wp\/v2\/pages\/16\/revisions"}],"predecessor-version":[{"id":17,"href":"https:\/\/infocordoba.com\/index.php?rest_route=\/wp\/v2\/pages\/16\/revisions\/17"}],"wp:attachment":[{"href":"https:\/\/infocordoba.com\/index.php?rest_route=%2Fwp%2Fv2%2Fmedia&parent=16"}],"curies":[{"name":"wp","href":"https:\/\/api.w.org\/{rel}","templated":true}]}}